e
Is 261 a multiple of 46?
False
Does 85 divide 11363?
False
Is 6009 a multiple of 81?
False
Is 61 a factor of 1464?
True
Does 83 divide 5077?
False
Is 4272 a multiple of 20?
False
Is 2244 a multiple of 51?
True
Is 2578 a multiple of 15?
False
Does 2 divide 2086?
True
Does 7 divide 2038?
False
Is 6379 a multiple of 7?
False
Does 5 divide 3988?
False
Is 269 a factor of 46737?
False
Is 35 a factor of 258?
False
Does 49 divide 637?
True
Is 453 a multiple of 28?
False
Is 3430 a multiple of 49?
True
Does 7 divide 3535?
True
Is 73700 a multiple of 220?
True
Is 5962 a multiple of 18?
False
Is 217 a multiple of 9?
False
Is 50 a factor of 6471?
False
Is 85 a factor of 3230?
True
Is 42 a factor of 2475?
False
Does 23 divide 1380?
True
Is 3840 a multiple of 160?
True
Does 53 divide 1904?
False
Is 97 a factor of 49734?
False
Is 401 a multiple of 8?
False
Is 38610 a multiple of 10?
True
Is 770 a multiple of 19?
False
Is 10 a factor of 850?
True
Does 9 divide 1044?
True
Does 6 divide 552?
True
Does 23 divide 2730?
False
Is 4635 a multiple of 103?
True
Is 28543 a multiple of 35?
False
Is 25530 a multiple of 195?
False
Is 477 a multiple of 24?
False
Does 34 divide 2913?
False
Does 31 divide 1085?
True
Does 35 divide 455?
True
Does 8 divide 19389?
False
Is 1540 a multiple of 35?
True
Is 159 a factor of 38978?
False
Is 46 a factor of 671?
False
Is 1821 a multiple of 48?
False
Is 5 a factor of 14721?
False
Is 5 a factor of 400?
True
Is 14 a factor of 50344?
True
Is 7997 a multiple of 11?
True
Is 10464 a multiple of 109?
True
Does 22 divide 417?
False
Does 20 divide 359?
False
Is 630 a multiple of 30?
True
Does 17 divide 73044?
False
Does 45 divide 990?
True
Is 72 a factor of 669?
False
Is 13 a factor of 164?
False
Does 96 divide 2880?
True
Does 3 divide 292?
False
Is 16 a factor of 567?
False
Does 18 divide 3644?
False
Is 8583 a multiple of 27?
False
Does 14 divide 121?
False
Is 32849 a multiple of 116?
False
Is 230 a factor of 3380?
False
Does 17 divide 646?
True
Does 19 divide 856?
False
Is 72 a factor of 95760?
True
Is 149 a multiple of 10?
False
Is 46 a factor of 350?
False
Is 7 a factor of 2020?
False
Is 375 a multiple of 18?
False
Does 2 divide 18307?
False
Does 5 divide 694?
False
Is 196 a multiple of 4?
True
Is 1611 a multiple of 99?
False
Is 816 a multiple of 11?
False
Does 34 divide 4182?
True
Is 49635 a multiple of 45?
True
Does 74 divide 1406?
True
Is 1128 a multiple of 47?
True
Is 26569 a multiple of 13?
False
Does 54 divide 9413?
False
Is 6480 a multiple of 36?
True
Does 226 divide 21395?
False
Is 36533 a multiple of 119?
True
Does 19 divide 256?
False
Does 14 divide 849?
False
Is 6 a factor of 43074?
True
Is 5 a factor of 30?
True
Is 1333 a multiple of 113?
False
Does 16 divide 21152?
True
Is 4 a factor of 603?
False
Is 3 a factor of 356?
False
Is 69 a factor of 1173?
True
Is 17 a factor of 145?
False
Is 16 a factor of 240?
True
Does 13 divide 130?
True
Is 57 a factor of 944?
False
Is 64186 a multiple of 67?
True
Is 2638 a multiple of 20?
False
Is 36 a factor of 3634?
False
Does 20 divide 3120?
True
Is 102 a multiple of 60?
False
Does 10 divide 800?
True
Is 480 a multiple of 3?
True
Is 906 a multiple of 15?
False
Is 21 a factor of 1417?
False
Is 295 a factor of 31866?
False
Does 12 divide 8208?
True
Is 11 a factor of 11385?
True
Is 664 a multiple of 12?
False
Is 9544 a multiple of 136?
False
Does 6 divide 180?
True
Is 14080 a multiple of 16?
True
Is 42 a factor of 10290?
True
Is 46 a factor of 905?
False
Is 4 a factor of 80?
True
Is 136 a factor of 744?
False
Is 481 a multiple of 14?
False
Is 9 a factor of 6840?
True
Does 8 divide 456?
True
Is 3 a factor of 663?
True
Does 34 divide 81952?
False
Is 30 a factor of 666?
False
Is 4731 a multiple of 4?
False
Is 3165 a multiple of 5?
True
Does 2 divide 11483?
False
Does 9 divide 44955?
True
Does 16 divide 832?
True
Is 490 a multiple of 14?
True
Is 177 a factor of 17877?
True
Is 7000 a multiple of 125?
True
Is 37 a factor of 5402?
True
Is 132317 a multiple of 68?
False
Is 28 a factor of 3158?
False
Does 168 divide 1176?
True
Is 11 a factor of 528?
True
Does 36 divide 3132?
True
Does 3 divide 13691?
False
Does 72 divide 5040?
True
Is 51 a factor of 9027?
True
Does 8 divide 360?
True
Is 53835 a multiple of 97?
True
Is 76 a factor of 48439?
False
Does 57 divide 798?
True
Is 3071 a multiple of 32?
False
Is 1485 a multiple of 33?
True
Does 15 divide 150?
True
Does 14 divide 19439?
False
Is 5830 a multiple of 34?
False
Is 12 a factor of 3600?
True
Is 1470 a multiple of 3?
True
Is 37 a factor of 798?
False
Does 7 divide 210?
True
Is 29052 a multiple of 54?
True
Is 253 a factor of 53889?
True
Is 49 a multiple of 8?
False
Does 171 divide 15732?
True
Does 15 divide 3915?
True
Does 21 divide 1036?
False
Is 10332 a multiple of 82?
True
Does 87 divide 2125?
False
Does 4 divide 95?
False
Is 51 a factor of 1683?
True
Is 9 a factor of 5401?
False
Is 30 a factor of 51120?
True
Is 60 a multiple of 15?
True
Is 24 a factor of 360?
True
Does 85 divide 20310?
False
Is 17 a factor of 201?
False
Is 28895 a multiple of 94?
False
Does 44 divide 33264?
True
Does 15 divide 825?
True
Is 8541 a multiple of 117?
True
Is 3392 a multiple of 31?
False
Is 15785 a multiple of 77?
True
Is 559 a multiple of 43?
True
Is 6798 a multiple of 3?
True
Is 2 a factor of 502?
True
Is 21 a factor of 824?
False
Is 5 a factor of 786?
False
Is 4900 a multiple of 21?
False
Is 7866 a multiple of 38?
True
Does 176 divide 102608?
True
Is 925 a multiple of 37?
True
Is 21 a factor of 9240?
True
Is 5 a factor of 192?
False
Is 75884 a multiple of 61?
True
Is 15507 a multiple of 120?
False
Is 52 a multiple of 2?
True
Does 103 divide 1440?
False
Is 24 a factor of 6981?
False
Does 45 divide 40365?
True
Is 59 a factor of 1123?
False
Is 5 a factor of 9336?
False
Is 37315 a multiple of 85?
True
Is 31 a factor of 3712?
False
Is 20 a factor of 80?
True
Is 87 a factor of 870?
True
Is 781 a multiple of 11?
True
Does 6 divide 2940?
True
Is 134 a factor of 30801?
False
Is 45 a factor of 8841?
False
Is 396 a multiple of 11?
True
Does 146 divide 2512?
False
Does 36 divide 2363?
False
Does 29 divide 179?
False
Is 134 a factor of 3132?
False
Does 222 divide 69750?
False
Does 92 divide 181?
False
Does 9 divide 1407?
False
Is 144 a multiple of 3?
True
Is 21 a factor of 1638?
True
Is 7759 a multiple of 27?
False
Is 11450 a multiple of 25?
True
Does 25 divide 7825?
True
Is 55 a factor of 1540?
True
Does 26 divide 2080?
True
Does 42 divide 7106?
False
Does 2 divide 95?
False
Is 5 a factor of 195?
True
Does 21 divide 14423?
False
Is 56 a factor of 728?
True
Is 33 a factor of 1749?
True
Is 18 a factor of 504?
True
Is 14 a factor of 41216?
True
Is 34 a factor of 10255?
False
Is 6 a factor of 2188?
False
Is 37160 a multiple of 63?
False
Is 32 a factor of 71?
False
Is 15 a factor of 4937?
False
Is 6 a factor of 50?
False
Is 6907 a multiple of 11?
False
Is 243 a factor of 8022?
False
Is 8 a factor of 766?
False
Is 5 a factor of 339?
False
Is 60 a factor of 8400?
True
Is 46 a factor of 9473?
False
Is 1360 a multiple of 40?
True
Is 25 a factor of 31900?
True
Is 481 a multiple of 15?
False
Does 68 divide 7594?
False
Does 25 divide 575?
True
Is 7632 a multiple of 8?
True
Is 13 a factor of 1261?
True
Is 47 a factor of 119991?
True
Is 16791 a multiple of 264?
False
Is 17594 a multiple of 20?
False
Is 9303 a multiple of 164?
False
Does 24 divide 1431?
False
Is 7307 a multiple of 2?
False
Is 62 a factor of 1178?
True
Is 23 a factor of 989?
True
Is 28 a factor of 1313?
False
Is 12377 a multiple of 9?
False
Is 1320 a multiple of 20?
True
Is 840 a multiple of 105?
True
Does 6 divide 1394?
False
Does 38 divide 16977?
False
Is 4804 a multiple of 92?
False
Is 60 a factor of 1140?
True
Is 8004 a multiple of 29?
True
Is 100 a factor of 22600?
True
Does 9 divide 639?
True
Is 8 a factor of 12025?
False
Does 2 divide 3419?
False
Does 29 divide 381?
False
Is 398 a multiple of 4?
False
Is 6 a factor of 84?
True
Is 10 a factor of 4790?
True
Is 29 a factor of 28420?
True
Does 27 divide 891?
True
Is 77 even?
False
Is 33 a factor of 2408?
False
Is 108120 a multiple of 24?
True
Is 1537 a multiple of 2?
False
Is 4 a factor of 136?
True
Does 6 divide 4483?
False
Is 15 a factor of 21606?
False
Does 21 divide 85?